s p(-4)?
-28
Let m(r) = 2*r - 30. Calculate m(6).
-18
Let h(g) = -8*g - 114. Give h(-14).
-2
Let u(p) = 6*p**3 + 42*p**2 + p - 9. Determine u(-7).
-16
Let j(x) = -x**3 - 28*x**2 - 27*x - 13. Determine j(-27).
-13
Let w(c) = -3*c - 52. What is w(-15)?
-7
Let k(q) = -q**3 - 9*q**2 - 3*q - 6. Determine k(-9).
21
Let a(f) = 11*f**3 - 3*f**2 + 2. Give a(1).
10
Let r(z) = z**2 + 4*z. Determine r(-3).
-3
Let n(s) = 8*s**2 + 3*s + 1. Determine n(-2).
27
Let a(q) = q**3 - 19*q**2 + 17*q + 2. Calculate a(18).
-16
Let i(x) = x**3 - 10*x**2 - x + 9. What is i(10)?
-1
Let n(a) = -a**3 - 10*a**2 - 16*a + 3. Determine n(-8).
3
Let n(x) = -x**2 + 14*x - 9. What is n(14)?
-9
Let m(s) = s**2 + 2*s - 9. Give m(-6).
15
Let k(d) = -9*d + 25. Calculate k(7).
-38
Let t(m) = m**2 - 7*m + 7. Determine t(5).
-3
Let c(s) = -s**2 - 3*s - 1. Give c(-3).
-1
Let x(r) = -6*r**2 + 8*r + 15. Give x(-3).
-63
Let u(h) = h**3 + 7*h**2 + 4*h - 17. Determine u(-6).
-5
Let w(c) = -c**2 - 2*c - 6. Determine w(-3).
-9
Let l(z) = -z**2 - 15*z + 46. Calculate l(-13).
72
Let b(s) = -s - 25. Calculate b(23).
-48
Let t(f) = -4*f - 1. Calculate t(6).
-25
Let s(f) = -7*f + 8. What is s(11)?
-69
Let h(u) = u**3 - 15*u**2 + 20*u + 73. What is h(13)?
-5
Let w(t) = 3*t + 11. Determine w(-6).
-7
Let k(r) = -r**2 + 8*r - 7. What is k(3)?
8
Let j(o) = -o**3 - 13*o**2 - 22*o - 7. What is j(-11)?
-7
Let h(k) = k - 5. What is h(12)?
7
Let i(k) = 19*k - 304. Give i(16).
0
Let m(f) = -3*f**2 - 9*f - 6. Give m(-3).
-6
Let h(l) = l + 3. What is h(-4)?
-1
Let s(p) = p**3 + 8*p**2 + 12*p. Determine s(-3).
9
Let f(n) = n + 2. Calculate f(2).
4
Let r(s) = -2*s - 67. Calculate r(-37).
7
Let l(d) = -d**3 - 13*d**2 - 11*d + 12. Give l(-12).
0
Let d(o) = o**2 + 23*o - 1. Give d(-24).
23
Let g(b) = b**2 + 8*b + 19. Give g(-6).
7
Let m(c) = -c**3 - 11*c**2 - 10*c - 24. Calculate m(-10).
-24
Let z(a) = -a + 8. What is z(0)?
8
Let r(v) = -v**2 - 24*v - 11. Give r(-25).
-36
Let a(o) = -o**2 + 23. Calculate a(0).
23
Let g(x) = -x**2 - 3*x - 5. What is g(-2)?
-3
Let h(c) = -25*c + 175. Determine h(7).
0
Let o(p) = p - 34. Give o(-9).
-43
Let k(c) = -7*c + 45. What is k(7)?
-4
Let u(w) = w**3 + 7*w**2 + 8*w + 7. Determine u(-6).
-5
Let m(k) = 15*k + 468. Calculate m(-32).
-12
Let m(b) = -3*b**2 + 6*b - 4. Give m(5).
-49
Let g(q) = q**2 - 16*q - 12. Calculate g(8).
-76
Let f(m) = -m**2 - m. Determine f(2).
-6
Let r(u) = u**3 - 5*u**2 + 2*u + 3. Give r(4).
-5
Let i(g) = -g**2 + g + 7. Give i(3).
1
Let p(t) = 2*t**3 - 2*t**2 - 11*t + 6. Determine p(3).
9
Let i(g) = -g**2 + 1. What is i(0)?
1
Let u(q) = q**2 + 14*q + 44. What is u(-8)?
-4
Let v(n) = -83*n - 91. Give v(-1).
-8
Let y(w) = -w**3 - 7*w**2 - 9*w - 8. Determine y(-6).
10
Let u(g) = -8*g - 219. Determine u(-26).
-11
Let w(s) = s**2 - 6*s + 14. What is w(3)?
5
Let i(o) = o**2 + 17*o - 2. What is i(-17)?
-2
Let f(d) = 16*d + 126. Calculate f(-17).
-146
Let u(m) = m**3 - 14*m**2 + 10*m + 16. Calculate u(13).
-23
Let y(f) = 17*f - 1. Give y(-2).
-35
Let y(m) = 2*m**2 - 4. Give y(-7).
94
Let z(h) = -22*h**3 - h**2 + h + 1. Give z(-1).
21
Let z(q) = q + 3. What is z(4)?
7
Let h(j) = 4*j + 2. Give h(1).
6
Let j(y) = -3*y + 1. Give j(-2).
7
Let l(t) = 15*t**3 + 4*t**2 + 2*t - 4. Give l(-2).
-112
Let s(d) = 6*d - 14. What is s(3)?
4
Let w(p) = p**2 + 23*p - 111. Give w(-32).
177
Let k(i) = 25*i**2 + i + 1. Give k(-1).
25
Let m(f) = -f**3 + 13*f**2 - 11*f - 16. What is m(12)?
-4
Let x(b) = 3*b**2 + 13*b. Determine x(-6).
30
Let k(o) = o - 4. Give k(6).
2
Let n(l) = -l**2 + 2*l + 8. Give n(5).
-7
Let g(z) = -29*z + 4. Determine g(2).
-54
Let s(g) = -173*g + 2943. What is s(17)?
2
Let m(n) = 12*n - 34. Give m(3).
2
Let o(l) = l**3 + 8*l**2 - 4*l + 50. Determine o(-9).
5
Let n(c) = -2*c - 5. Give n(-5).
5
Let z(l) = 6*l - 3. Determine z(-1).
-9
Let j(t) = -t**3 + t**2 - 2*t + 40. What is j(0)?
40
Let z(c) = c**2 - 5*c - 418. Determine z(23).
-4
Let r(w) = -w**3 + 17*w**2 - 4*w + 78. Calculate r(17).
10
Let v(s) = -3*s + 108. Determine v(34).
6
Let t(g) = g**2 - 58*g - 57. Calculate t(-1).
2
Let s(y) = -16*y**3 - 2*y**2 + 2*y - 1. Give s(1).
-17
Let n(h) = 15*h**3 + 2*h - 1. Give n(1).
16
Let a(x) = -x**3 + 4*x**2 + 4*x + 2. Determine a(5).
-3
Let d(j) = -2*j**2 + 44*j - 61. Determine d(21).
-19
Let r(u) = -2*u**3 - 6*u**2 + 7*u + 7. Calculate r(-4).
11
Let q(k) = k**3 - 13*k**2 + 19. What is q(13)?
19
Let k(b) = b**3 - 4*b + 1. Give k(2).
1
Let m(t) = -t**3 - 8*t**2 - 4*t + 10. Calculate m(-7).
-11
Let o(f) = -f**2 + f - 9. Determine o(0).
-9
Let x(l) = -2*l - 14. Give x(-11).
8
Let m(o) = -4*o**2. What is m(-2)?
-16
Let j(b) = -3*b - 8. What is j(-6)?
10
Let y(c) = 15*c**2 - 1. Determine y(-1).
14
Let n(d) = -10*d - 114. Determine n(-11).
-4
Let n(f) = -f**3 + 9*f**2 + 11*f - 5. Calculate n(10).
5
Let o(h) = -2*h**2 + 29*h + 8. What is o(15)?
-7
Let r(h) = -2*h**2 + 9*h - 15. Give r(4).
-11
Let i(z) = -z**2 + 10*z + 15. Calculate i(12).
-9
Let p(f) = f**3 + 8*f**2 + 2*f - 6. Calculate p(-8).
-22
Let g(k) = -12*k**2 + 6*k - 8. Determine g(1).
-14
Let u(d) = 9*d - 40. Determine u(4).
-4
Let i(h) = h**3 + 5*h**2 + 6*h + 4. What is i(-4)?
-4
Let n(k) = k**2 + 6*k + 8. Give n(-6).
8
Let l(x) = -x**2 + 3*x - 5. Determine l(2).
-3
Let y(o) = 37*o - 145. Calculate y(4).
3
Let a(k) = k**3 + 13*k**2 - 13*k + 5. Calculate a(-14).
-9
Let m(b) = b**3 - 9*b**2 + 8*b - 3. What is m(8)?
-3
Let c(z) = z**2 + 24*z + 96. Give c(-5).
1
Let w(j) = 16*j**2 + 159*j - 9. Determine w(-10).
1
Let l(d) = 10*d - 60. Determine l(6).
0
Let q(p) = -p**2 + 4*p + 6. What is q(5)?
1
Let x(n) = n**3 + 6*n**2 + n. Determine x(-5).
20
Let o(n) = -2*n**2 - 20*n - 8. Determine o(-9).
10
Let c(g) = -4*g + 29. Determine c(12).
-19
Let x(h) = h**3 - 11*h**2 - 22*h - 15. Determine x(13).
37
Let k(f) = 2*f + 12. Calculate k(-6).
0
Let m(v) = -v**2 + 14*v - 4. Determine m(13).
9
Let g(q) = -148*q**3 - 3*q**2 + 3*q - 1. Determine g(1).
-149
Let x(t) = 2*t - 5. Determine x(4).
3
Let a(f) = -2*f**2 + 2*f + 7. Calculate a(4).
-17
Let s(a) = a**3 - 12*a**2 + 9. Calculate s(12).
9
Let p(n) = n**3 + 10*n**2 - 9*n + 3. Give p(-11).
-19
Let y(k) = 3*k + 93. What is y(-33)?
-6
Let u(j) = -j + 5. Give u(-3).
8
Let t(r) = 23*r**2 + 9*r + 8. What is t(-1)?
22
Let l(o) = -o**3 - 8*o**2 - 16*o + 1. Calculate l(-3).
4
Let b(z) = 2*z**3 - z**2 + 7*z - 1. Calculate b(-3).
-85
Let t(x) = -x**2 - 17*x - 18. Give t(-12).
42
Let k(l) = -24*l**2 + 6*l - 13. What is k(2)?
-97
Let o(l) = -l**3 + 12*l**2 + 8*l - 19. Give o(13).
-84
Let t(p) = -p**3 - 7*p**2 - 8*p + 5. Calculate t(-7).
61
Let c(w) = w**3 + 6*w**2 - 2*w + 7. Give c(-7).
-28
Let b(z) = -z**3 + z**2 - 2*z + 1. What is b(1)?
-1
Let l(v) = 2*v**2 - 8*v - 178. Give l(-9).
56
Let h(f) = -f**3 + 10*f**2 - 15*f - 13. Calculate h(8).
-5
Let h(f) = f**3 + f**2 + f - 1. Determine h(3).
38
Let d(j) = j - 12. What is d(8)?
-4
Let r(y) = -5*y**3 + y**2 - 1. Determine r(1).
-5
Let a(l) = -40*l + 77. Calculate a(2).
-3
Let d(z) = -17*z**3 + 1. Give d(1).
-16
Let a(o) = 10*o - 101. Give a(10).
-1
Let x(r) = 12*r. Determine x(1).
12
Let u(i) = i**2 + 5*i - 7. Determine u(-8).
17
Let d(x) = 2*x - 17. Calculate d(4).
-9
Let q(k) = 7*k**2 - 14*k - 7. Calculate q(3).
14
Let l(a) = -5*a + 17. What is l(5)?
-8
Let h(g) = g**3 + 7*g**2 - 5*g - 2. Determine h(-7).
33
Let r(f) = 4*f + 6. Determine r(3).
18
Let a(o) = o**3 + 13*o**2 - 15*o + 15. What is a(-14)?
29
Let r(z) = 2*z**2 - 7*z - 4. Calculate r(-4).
56
Let m(j) = -2*j**3 + 2*j**2 + 2*j - 19. Determine m(0).
-19
Let l(u) = -u**2 - 11*u - 9. Calculate l(-6).
21
Let r(i) = i**3 - 5*i**2 - 4*i - 3. Give r(7).
67
Let c(h) = -h**3 - 13*h**2 + 15*h. Calculate c(-14).
-14
Let k(n) = n**3 - 27*n**2 - 8*n + 216. Determine k(27).
0
Let l(i) = i**3 + 9*i**2 + 3*i - 9. Calculate l(-8).
31
Let n(z) = 8*z + 11. Calculate n(1).
19
Let k(u) = u - 11. Calculate k(8).
-3
Let r(z) = z**2 - 17*z + 24. Give r(15).
-6
Let f(p) = -14*p - 11. Calculate f(-2).
17
Let i(g) = 4*g**2 - 4*g + 1. What is i(3)?
25
Let h(w) = w**2 - 6*w + 3. Determine h(6).
3
Let j(m) = 2*m + 14. Calculate j(-6).
2
Let q(b) = 8*b**2 - 48*b. What is q(6)?
0
Let r(i) = -i**2 + 5*i - 4. Calculate r(3).
2
Let p(x) = 40*x**3 + 2*x**2 + x. Calculate p(-1).
-39
Let f(l) = -67*l**3 - l**2 - 3*l - 3. G